rt -24 (base 5) to base 4.
-32
-25 (base 8) to base 11
-1a
Convert 1100 (base 3) to base 10.
36
-210 (base 4) to base 15
-26
What is -9 (base 16) in base 3?
-100
Convert 16b (base 12) to base 8.
343
What is -255 (base 9) in base 14?
-112
-19 (base 12) to base 2
-10101
What is 7 (base 13) in base 2?
111
What is -104 (base 6) in base 11?
-37
243 (base 6) to base 15
69
1 (base 15) to base 14
1
Convert -11 (base 2) to base 15.
-3
Convert 2e (base 15) to base 3.
1122
What is 1 (base 15) in base 4?
1
2 (base 9) to base 7
2
12 (base 10) to base 5
22
Convert -42 (base 5) to base 10.
-22
Convert -a1 (base 12) to base 2.
-1111001
What is 36 (base 11) in base 6?
103
What is -1154 (base 6) in base 8?
-436
Convert 121 (base 3) to base 2.
10000
Convert 10000111 (base 2) to base 6.
343
Convert 0 (base 2) to base 16.
0
-51 (base 7) to base 8
-44
-167 (base 9) to base 7
-262
Convert -100010 (base 2) to base 7.
-46
Convert -14 (base 10) to base 13.
-11
What is 16 (base 10) in base 7?
22
Convert 55 (base 12) to base 7.
122
10 (base 2) to base 13
2
-7 (base 9) to base 13
-7
Convert 4 (base 15) to base 13.
4
Convert 3 (base 13) to base 15.
3
Convert 7 (base 11) to base 10.
7
13 (base 8) to base 9
12
What is -2122 (base 4) in base 6?
-414
Convert -12 (base 6) to base 5.
-13
-1 (base 15) to base 12
-1
What is -1020 (base 5) in base 8?
-207
Convert -11 (base 4) to base 5.
-10
What is -3 (base 5) in base 7?
-3
Convert -31 (base 14) to base 4.
-223
What is -f2 (base 16) in base 2?
-11110010
What is 19 (base 10) in base 4?
103
1a (base 12) to base 6
34
0 (base 9) to base 16
0
Convert -3 (base 8) to base 4.
-3
What is -5 (base 14) in base 9?
-5
What is 3 (base 8) in base 16?
3
What is 2 (base 14) in base 13?
2
-26 (base 7) to base 2
-10100
6b (base 12) to base 5
313
Convert 108 (base 11) to base 13.
9c
Convert 0 (base 3) to base 14.
0
-f (base 16) to base 2
-1111
111 (base 2) to base 5
12
-1 (base 3) to base 8
-1
Convert -1 (base 7) to base 15.
-1
What is 1 (base 14) in base 11?
1
-134 (base 6) to base 7
-112
What is -4 (base 15) in base 11?
-4
Convert 422 (base 5) to base 2.
1110000
Convert -11 (base 10) to base 4.
-23
What is 6 (base 13) in base 2?
110
What is 64 (base 7) in base 16?
2e
-41 (base 5) to base 12
-19
What is -101 (base 3) in base 13?
-a
Convert -10 (base 9) to base 15.
-9
-2012 (base 3) to base 6
-135
What is 12 (base 3) in base 5?
10
Convert 62 (base 15) to base 6.
232
Convert -26 (base 12) to base 11.
-28
What is -7 (base 8) in base 16?
-7
24 (base 7) to base 12
16
15 (base 9) to base 5
24
What is 0 (base 14) in base 11?
0
Convert -3 (base 14) to base 5.
-3
152 (base 7) to base 3
10012
What is -a (base 15) in base 4?
-22
Convert 101 (base 2) to base 6.
5
Convert 2 (base 7) to base 11.
2
What is 11101001 (base 2) in base 11?
1a2
-11 (base 5) to base 6
-10
Convert -4 (base 15) to base 14.
-4
What is -2 (base 4) in base 2?
-10
20111 (base 3) to base 16
af
Convert -220 (base 7) to base 2.
-1110000
What is 2a (base 16) in base 6?
110
-31 (base 10) to base 15
-21
What is 108 (base 9) in base 5?
324
What is 23 (base 11) in base 12?
21
Convert 104 (base 9) to base 10.
85
What is 55 (base 10) in base 15?
3a
What is 4 (base 16) in base 9?
4
Convert 50 (base 6) to base 5.
110
78 (base 15) to base 12
95
Convert -72 (base 12) to base 3.
-10012
Convert 81 (base 11) to base 4.
1121
Convert 131 (base 8) to base 2.
1011001
0 (base 13) to base 15
0
What is -1013 (base 4) in base 11?
-65
34 (base 15) to base 12
41
Convert -242 (base 6) to base 15.
-68
Convert 1c (base 13) to base 10.
25
Convert -10100110 (base 2) to base 5.
-1131
53 (base 8) to base 3
1121
What is -178 (base 13) in base 6?
-1124
-38 (base 13) to base 8
-57
-4 (base 15) to base 8
-4
-100021 (base 3) to base 13
-163
Convert 216 (base 9) to base 11.
151
What is -2 (base 4) in base 6?
-2
-26 (base 10) to base 11
-24
12 (base 4) to base 6
10
What is 11b (base 13) in base 11?
166
Convert -2121 (base 3) to base 5.
-240
Convert 203 (base 6) to base 10.
75
What is 22 (base 9) in base 11?
19
28 (base 13) to base 5
114
What is 2 (base 13) in base 9?
2
What is -11 (base 4) in base 15?
-5
Convert 11 (base 4) to base 6.
5
222 (base 4) to base 16
2a
What is -18a (base 15) in base 6?
-1351
What is 4 (base 16) in base 12?
4
What is 244 (base 10) in base 7?
466
What is 6 (base 7) in base 12?
6
What is 102 (base 3) in base 2?
1011
Convert -132 (base 5) to base 14.
-30
What is 0 (base 15) in base 10?
0
What is 4 (base 5) in base 6?
4
Convert 24 (base 5) to base 16.
e
11 (base 4) to base 9
5
Convert 22 (base 3) to base 2.
1000
What is 1 (base 5) in base 9?
1
Convert 11100 (base 2) to base 16.
1c
What is -1 (base 15) in base 11?
-1
-31 (base 6) to base 11
-18
197 (base 13) to base 5
2133
4 (base 8) to base 10
4
What is -2 (base 16) in base 13?
-2
What is 48 (base 13) in base 7?
114
0 (base 14) to base 11
0
13 (base 6) to base 4
21
What is 10 (base 4) in base 10?
4
-3 (base 12) to base 2
-11
Convert -18 (base 14) to base 2.
-10110
-1010 (base 2) to base 6
-14
What is 1 (base 13) in base 3?
1
What is -7 (base 10) in base 2?
-111
What is 0 (base 8) in base 10?
0
What is 3c (base 15) in base 7?
111
Convert 4 (base 12) to base 6.
4
What is -4 (base 15) in base 9?
-4
1 (base 6) to base 4
1
Convert -5c (base 15) to base 16.
-57
2 (base 5) to base 16
2
What is 1313 (base 4) in base 13?
92
Convert -2 (base 5) to base 11.
-2
What is 100 (base 3) in base 8?
11
Convert 15 (base 13) to base 12.
16
Convert 37 (base 12) to base 9.
47
Convert -231 (base 4) to base 16.
-2d
1122 (base 3) to base 7
62
What is -3 (base 15) in base 12?
-3
140 (base 6) to base 15
40
-155 (base 8) to base 10
-109
What is 1111 (base 5) in base 16?
9c
-4 (base 16) to base 7
-4
Convert 13 (base 9) to base 7.
15
What is 2 (base 11) in base 9?
2
Convert 3 (base 13) to base 6.
3
10 (base 13) to base 2
1101
What is 5 (base 15) in base 14?
5
What is -1c (base 15) in base 16?
-1b
What is -100101 (base 2) in base 7?
-52
10 (base 2) to base 14
2
6 (base 8) to base 9
6
What is -14 (base 12) in base 3?
-121
What is 1 (base 8) in base 6?
1
What is -10001 (base 2) in base 6?
-25
323 (base 8) to base 14
111
-102 (base 3) to base 7
-14
What is 341 (base 9) in base 5?
2110
Convert -156 (base 14) to base 8.
-420
4d (base 15) to base 13
58
What is 19 (base 10) in base 9?
21
-10100 (base 2) to base 9
-22
3 (base 4) to base 8
3
Convert -15 (base 12) to base 9.
-18
2 (base 3) to base 10
2
What is 6 (base 8) in base 14?
6
Convert 33 (base 10) to base 3.
1020
-121 (base 8) to base 10
-81
-1111011 (base 2) to base 10
-123
Convert 7 (base 13) to base 4.
13
What is 2a (base 12) in base 6?
54
What is -24 (base 16) in base 12?
-30
Convert 1a (base 14) to base 15.
19
Convert 3 (base 7) to base 4.
3
What is -121 (base 9) in base 13?
-79
5 (base 16) to base 5
10
19 (base 10) to base 4
103
Convert -12 (base 5) to base 6.
-11
Convert -61 (base 7) to base 15.
-2d
7b (base 12) to base 8
137
Convert 102 (base 5) to base 13.
21
-79 (base 13) to base 15
-6a
What is a (base 14) in base 15?
a
-7 (base 16) to base 8
-7
-10 (base 10) to base 15
-a
What is -16 (base 16) in base 14?
-18
What is 36 (base 11) in base 2?
100111
Convert 15 (base 7) to base 2.
1100
1100 (base 2) to base 4
30
Convert 3 (base 6) to base 7.
3
What is -1 (base 2) in base 16?
-1
What is 32 (base 6) in base 14?
16
What is -21 (base 13) in base 11?
-25
-1 (base 6) to base 5
-1
Convert 2011 (base 3) to base 16.
3a
27 (base 13) to base 6
53
Convert -3 (base 9) to base 7.
-3
1000000 (base 2) to base 14
48
Convert 2b (base 13) to base 11.
34
Convert -1c (base 14) to base 10.
-26
Convert -3a (base 16) to base 9.
-64
What is -1 (base 11) in base 14?
-1
What is 41 (base 9) in base 6?
101
5 (base 14) to base 11
5
What is 1012 (base 3) in base 9?
35
Convert 1 (base 5) to base 13.
1
Convert -1 (base 2) to base 6.
-1
Convert b8 (base 16) to base 3.
20211
What is 2 (base 13) in base 2?
10
50 (base 14) to base 12
5a
Convert 1030 (base 4) to base 3.
2211
What is 6 (base 13) in base 5?
11
What is -1 (base 13) in base 14?
-1
-11 (base 13) to base 15
-e
What is -3 (base 12) in base 15?
-3
Convert -2 (base 13) to base 9.
-2
Convert -1010 (base 3) to base 16.
-1e
What is 25 (base 8) in base 10?
21
100 (base 4) to base 10
16
What is -1 (base 12) in base 